(m) = 5*m**3 + m**2 - m + 13. Let w(j) = -j**3 + j**2 - 1. Let d(c) = -l(c) - 6*w(c). Determine d(7).
0
Let x(b) be the first derivative of 2*b**2 + 5*b + 18. Calculate x(-5).
-15
Let u(d) = -2*d - 5. Let p be u(-10). Suppose 0 = -5*g + 15 + p. Let j(l) = -10 + 6*l**3 - 2*l**2 - g + l + 16. What is j(1)?
5
Let g = 39 - 44. Let z(u) = 4*u - 2. Give z(g).
-22
Suppose 0 = -4*u - 24 - 0. Let r be 1*u*1/(-3). Let z(j) = j - 4. What is z(r)?
-2
Let q(d) = d**2 + 9*d + 8. Let m be q(-8). Let i(u) = -4 + u**2 + 2*u + 0*u - 3*u. Calculate i(m).
-4
Let k = 20 + -22. Let c(v) = -6*v - 1. What is c(k)?
11
Let i be (-24)/(-28)*(1 - (-22)/6). Let x(n) = -n**3 + 3*n**2 + 6*n - 5. What is x(i)?
3
Let j = -2 + 2. Suppose -5*v + 5 = -5. Let x(f) = j*f + f**2 - 2*f**v + 2 + f - f**3. Determine x(0).
2
Let i(z) = z**3 + 3*z + 1 + 2*z + 7*z**2 + 4 + 2*z. Determine i(-6).
-1
Let b be -3 - (0 + 1 - 9). Let o(m) = b*m - m - 3 + 0*m - 3*m. Determine o(0).
-3
Let k = -4 + 7. Suppose -k*g = 1 - 16. Let l(w) = -w**2 + 5*w + 2. Determine l(g).
2
Let y(v) be the second derivative of -v**4/12 - 2*v**3/3 - 2*v**2 - 5*v. What is y(-4)?
-4
Let n(q) = q**2 + 3*q + 6. Let d be (11 + (0 - 2))*3. Let v be 4/18 + (-114)/d. Give n(v).
10
Let a(o) = o**2 - 27. Suppose -2*b + 5*b - 4*b = 0. Determine a(b).
-27
Suppose -n + 2*n = 4. Let v(m) = -m**3 - 4*m**3 + 3*m + 3*m**2 + 4*m**3 + 2 - 3. Determine v(n).
-5
Let n(h) = 2*h**3 - 2*h + 1. Let y(r) = -r**2 + 4*r + 3. Let x be y(4). Let m = x - 2. Give n(m).
1
Suppose 0 = -2*u - z + 2*z + 64, 0 = 5*u - 4*z - 160. Let w(p) = 2*p**2 + 0 - 1 - 31*p + u*p. What is w(-2)?
5
Suppose -9 = 9*g - 12*g. Let n(d) = -d + 5. Give n(g).
2
Suppose -6 = -6*n + 3*n. Let s(i) be the third derivative of 1/120*i**6 + 0*i - n*i**2 + 1/24*i**4 + i**3 - 1/60*i**5 + 0. What is s(0)?
6
Let g(z) = z**3 + 3*z**2 + 4. Let d be 174/15 + 4/10. Suppose 0 = 3*a - 7*a - d. Give g(a).
4
Let a(t) = t**2 - t. Let s(j) = -10*j**2 + 8*j + 2. Let z(c) = 6*a(c) + s(c). Calculate z(-2).
-18
Let u(m) = m**2 + 4. Let v(f) = -5 + 1 + 2*f - 3*f. Let t be v(-6). Let g be (3 - 3 - 0)/t. Determine u(g).
4
Let l(k) be the first derivative of k**4/4 - k**2 + k - 3. Let w be l(-2). Let r be w/((-1)/(2/(-3))). Let b(u) = -4*u + 2. Calculate b(r).
10
Let l be 4 - (0 - (2 + -3)). Let i(p) = 0*p - p**3 + 0*p**3 - 2*p**2 - l - 5*p + 3*p. Calculate i(-2).
1
Let g(r) be the third derivative of r**4/12 + r**3 + r**2 - 7. What is g(0)?
6
Let o(r) = 1 - 6*r + 5*r - r**2 + 2. Let a be (2/(-4))/(3/(-30)). Suppose 5*t = -f + t - 4, -3*f - a*t = 12. Give o(f).
-9
Let d(z) = -2*z**2 - 3*z - 1. Suppose -5*r + 85 + 35 = 0. Suppose 3*q + 6 = 5*m + 7*q, -r = 2*m - 5*q. Determine d(m).
-3
Let j(z) = z**2 - 3*z - 2 + 0*z + 0 + 0*z**2. Suppose -4*n - 14 = 2*r, -4*n = 2*r - n + 9. Give j(r).
-2
Let c(n) = -4*n**3 - 5*n + 12. Let h(x) = -x**3 - x**2 + 1. Let q(j) = c(j) - 5*h(j). Let y = 55 - 61. Calculate q(y).
1
Suppose 2*l + 0*l = 20. Let t = 10 - l. Let w(j) = j + 3. Calculate w(t).
3
Let i = 10 + -7. Let n be i*1/6*-6. Let r = 1 + n. Let t(d) = -d**3 - d**2 - 1. Determine t(r).
3
Let l(t) = 21 - 21 - 4*t**2 + t - t**3. Calculate l(-4).
-4
Let s be 2/(-4)*0/(-2). Let i(c) = -6*c**3 + c**2 + c - 3. Let m(q) = 5*q**3 - q**2 - q + 3. Let p(b) = -4*i(b) - 5*m(b). Give p(s).
-3
Suppose 6 = 4*o - 14. Suppose 4*n + o*g = 16 + 6, 2*n = 4*g - 2. Let t(x) = -x - 1 - 4 + 3 + x**2. What is t(n)?
4
Let c(w) = -w**2 - 3*w + 4. Suppose 0 = -2*o - 8 - 0. What is c(o)?
0
Let w(v) = -5*v - 1. Suppose -l - 4*b = 3, 4*l = 6*b - 2*b + 8. What is w(l)?
-6
Let h(n) = -n**2 + 4*n - 4. Let z(w) = -w + 7. Let m be z(0). Suppose j = x + m, -5*j - 4 = 4*x - 3. What is h(j)?
-1
Let l(j) be the first derivative of -j**4/4 + j**3/3 + 7*j**2/2 + j - 6. Let c(k) = k**3 - 7*k - 2. Let v(o) = -6*c(o) - 5*l(o). What is v(-6)?
1
Let n(p) = 7*p - 1. Suppose 0*k - 3*k + 5*r = 22, 20 = -5*k + 5*r. What is n(k)?
6
Suppose 0 = 4*d - 9*d + 25. Let l(w) = -w**3 + 5*w**2 - w + 7. Give l(d).
2
Suppose a = -5*m - 10, -m - 10 = -a + 4*m. Let d(z) = z**2 + 3*z + 1. Let u be d(-4). Let y(i) = i + 2*i + a + u. What is y(-4)?
-7
Let z(l) = l**3 - l. Let q be z(-1). Let j(y) = 0*y + q*y**2 - y**3 - y - 1 + 0*y**2 - y**2. What is j(-1)?
0
Let d(t) = -134*t - t**2 - 2 + 65*t + 62*t. Determine d(-6).
4
Let h = -119 + 239/2. Let v(s) be the second derivative of -h*s**2 + 0 - 4*s + s**3. Give v(-1).
-7
Let o(b) = 6*b. Let k(f) = -7*f. Let s(u) = -5*k(u) - 6*o(u). Determine s(6).
-6
Let l(k) = 7*k - 1. Let c(g) = -6*g + 1. Let x(j) = 5*c(j) + 4*l(j). Give x(1).
-1
Let n be (-4)/(-6) + (-8)/(-6). Let v = 4 - n. Suppose -i = v*i. Let p(d) = -d + 8. Calculate p(i).
8
Let d be (-84)/(-45) + (-14)/(-105). Let a(o) = -3 + 4 + 0 - o**3 - o. Give a(d).
-9
Let t(p) = -7*p. Let j(i) = i + 13. Let o be j(-12). Suppose b = 1 + o. What is t(b)?
-14
Let f(z) be the third derivative of -z**4/24 - 2*z**3/3 + 9*z**2. Determine f(4).
-8
Let g(h) = 8*h**2 - 3 - 3*h**2 - 6*h**2 + h. Let a(l) = l - 3. Let r be a(3). Determine g(r).
-3
Let k(v) = -v**2 - 3 + 5*v - 14 + 11. Calculate k(4).
-2
Suppose -3*m = -9 + 15. Let b(h) = h**3 - h**2 + 1. Determine b(m).
-11
Let a(l) = 3*l - 3. Let b be 2/(2/((-12)/(-3))). Let q(s) = -s**3 + 5*s**2 - 5*s + 4. Let c be q(b). Suppose c = -3*j + 9 - 3. Give a(j).
3
Suppose 12*c = 9*c + 3. Let n(a) = 6*a. Calculate n(c).
6
Let g = 5 - 4. Let h(b) = -b**2 + 7*b + 2. Let i be h(7). Let u(l) = i*l**2 + 3 - 4 + 2. Give u(g).
3
Let q(h) = -4*h**3 - h**2. Suppose -3*u - 3 + 12 = 0. Suppose 7*r - 4*r + 3 = -4*m, 3*m - u = 3*r. What is q(r)?
3
Let l(d) = -2*d + 4. Let s(z) be the third derivative of z**4/24 - z**3/6 + 5*z**2. Let v(h) = -2*l(h) - 2*s(h). Determine v(6).
6
Let l(w) = -w + 7. Let y(z) be the second derivative of -z**3/2 - 3*z**2 - z. Let h be y(-4). Determine l(h).
1
Let r(p) = 2*p**3 + 5*p**2 - 4*p - 5. Let t(k) = k**2 - k - 1. Let y(v) = -r(v) + 4*t(v). Let j be y(-1). Let w(a) = 113*a + 0 + 2 - 111*a. Determine w(j).
6
Let v(o) = 6*o**3 - 6*o**2 + 4*o - 5. Suppose -2*w = -0*w - 2. Let m(f) = -f**3 + f**2 - f. Let p(q) = w*v(q) + 5*m(q). What is p(0)?
-5
Let t(j) = 5*j**2 - 1. Let c(x) = 0 - 3 + x**2 - x + 2. Let p = -16 + 15. Let r(b) = p*t(b) + 2*c(b). Determine r(-1).
-2
Suppose 0 = -a - 1 + 3. Let d(n) = a*n**3 - 2*n - n**3 - 3*n**2 + 4*n + 3. Let w be 10/20 - (-5)/2. Determine d(w).
9
Let p(u) = -u + 1. Let n(l) = l**3 - 9*l**2 - 10*l - 5. Let c be n(10). What is p(c)?
6
Suppose -v + 3*l + l - 21 = 0, 4*l - 1 = -3*v. Let r(f) = f + 3. Calculate r(v).
-2
Let o(r) be the second derivative of -r**6/360 + r**4/6 - 6*r. Let q(p) be the third derivative of o(p). Give q(1).
-2
Let m = -17 - -25. Let u = m - 4. Let g(z) = z + 7 - 21 + 15 + 0*z. Calculate g(u).
5
Let g(w) = -7*w + 3. Suppose 5 = 4*l - 3. What is g(l)?
-11
Suppose -97 = 20*h + 3. Let v(r) be the second derivative of -r**4/12 - 7*r**3/6 - 5*r**2/2 - r. Determine v(h).
5
Suppose 0*f = -f + 1. Let r(v) = 4*v + 0 + 0*v + v**2 - 4 + f. What is r(-6)?
9
Let x(j) = -j**2 - 12*j - 16. Let z(u) = -u**2 + 4*u - 7. Let w be z(7). Let b = w - -17. Let h be x(b). Let n(s) = s**2 + 5*s + 1. Give n(h).
1
Let w = -10 - -14. Let s(r) = w*r - 2*r - r - 3*r + 4. Give s(5).
-6
Let h = -4 + 4. Let z(y) = y**3. Let c be z(h). Let b(t) = -t**2 + t + 3. Give b(c).
3
Let v(w) = w - 1. Suppose -9 = -4*r + r. Suppose -q + 5*q = -3*b + 27, -r*q + 5*b + 13 = 0. Suppose -q*a + 3*a - 17 = -4*g, -4*a + 5*g - 22 = 0. Calculate v(a).
-4
Let n(m) = 6 + 1 + 0 + 7*m - 6*m. Determine n(0).
7
Let f(w) = -2*w**2. Let b be f(2). Let d(a) = -2*a**2 - 3. Let m(o) = 5*o**2 + o + 9. Let l be (4*1/8)/(3/(-18)). Let u(v) = b*d(v) + l*m(v). Determine u(5).
7
Let w(t) = -2*t + 24. Let s be w(12). Let k(v) be the first derivative of v**3/3 - 4*v + 1. Give k(s).
-4
Let b be ((-7)/(-3) + -2)*27. Let h be 3/b + (-10)/3. Let i(c) = c + 1. What is i(h)?
-2
Let p(r) = -7. Let o(a) = a + 30. Let q(i) = -2*o(i) - 9*p(i). Give q(4).
-5
Let r = -63 - -96. Suppose -r = -5*w + 27. Suppose -w = -2*f + 5*d, -7*f + 3*f + 2 = d. Let z(y) = -6*y**3 + y**2 - 2*y + 1. Determine z(f).
-6
Let t = 4 + -3. Let n(a) = a. Let y(s) be the third derivative of -s**4/12 - s**2. Let c(w) = -6*n(w) - 5*y(w). Determine c(t).
4
Let r be -1*3/(-3) - -1. Let k b